*2 + 2*j + 2. Let b be ((-4)/((-40)/50))/1*(-6)/(-5). Determine v(b).
-22
Let k(c) be the second derivative of c**4/12 - 11*c**3/2 + 35*c**2/2 - 2*c + 3403. Give k(32).
3
Let p(b) = -3*b + 6. Let w(x) = 2*x**3 - 44*x**2 - 45*x - 14. Let n = -9 + 32. Let j be w(n). Give p(j).
-21
Let t(x) = -11*x**3 - 813*x**2 + 72*x - 153. Let s be t(-74). Let v(y) = -5*y + 19. Let o(j) = 2*j - 6. Let r(k) = 11*o(k) + 4*v(k). Calculate r(s).
0
Let g(c) = c**2 - 99*c - 1463. Let t be g(-13). Let s(k) be the third derivative of k**5/60 + 7*k**4/24 - k**3/6 - 3*k**2. What is s(t)?
-1
Let y(r) = -267 + 86 + 88 + 87 - 347*r + 348*r. What is y(-4)?
-10
Let g(n) = 5*n + n**2 + 121 + 0*n**2 + 108 + 3*n - 243. Determine g(-11).
19
Let p be 6/(-26) + (-9316)/(-1781). Let f(y) = -y**2 + 39. Determine f(p).
14
Let l(m) = -11*m. Let q(o) = -11*o. Let i(h) = 6*l(h) - 7*q(h). Let d(c) = -16*c**2 - 13*c + 11. Let r be d(4). Let u = 296 + r. Give i(u).
-11
Let d(s) = s**2 + 5*s + 2. Let t be d(-2). Let q(n) = -38*n**2 - 11*n - 78. Let c(m) = -27*m**2 - 8*m - 56. Let k(g) = -7*c(g) + 5*q(g). Give k(t).
-18
Let o be (-4)/(-3)*(42/(-12) + 2). Let y be (o - -1)*0/1. Let l(d) be the third derivative of -d**4/24 + 5*d**3/3 + 2*d**2. Give l(y).
10
Let o = 200 + -196. Let i(b) = b**3 - 4 - o*b**2 + 8*b + 5*b - 9*b. Calculate i(3).
-1
Let z(s) = 12*s - 20. Let p(l) = -4*l + 7. Let j(y) = -8*p(y) - 3*z(y). Let n(d) = 5*d**2 - 235*d - 238. Let a be n(48). Give j(a).
-4
Let b(d) = 25*d - 13. Let z be b(1). Let k(l) = 3*l**3 + 12 - 12 - z*l - 2*l**3. Let s be k(3). Let c(i) = i + 9. Calculate c(s).
0
Let i(p) be the first derivative of -p**5/60 + 5*p**4/12 - p**3/3 - 25*p**2 - 2*p - 223. Let d(c) be the second derivative of i(c). Give d(9).
7
Suppose -3*q - 14 = 4*s - 46, -3*q + 4*s - 8 = 0. Suppose b = -16 + 17, -3*b = -q*z - 7. Let a(c) = -c**2 - 2*c - 1. Calculate a(z).
0
Let k(d) = -d - 9. Let v be k(5). Let b be v/10 - (1 + (-6)/15). Let r(i) be the second derivative of i**4/6 + i**3/6 - i**2 - i. Calculate r(b).
4
Let f(a) = 4*a**3 - 2*a + 1. Let h(v) = -v**3 + v - 1. Let s(z) = -f(z) - 3*h(z). Let q(r) = -7*r**2 - 20*r - 15. Let u be q(-2). Determine s(u).
32
Suppose 12*s - 14 = -2. Let p(g) = 7*g**2 + 7*g - 2. Let h(r) = 6*r**2 + 6*r - 2. Let i(t) = 4*h(t) - 3*p(t). Calculate i(s).
4
Let s(t) = t + 5. Let m be (-3010)/(-18) + 1 + (-2)/9. Let w = 160 - m. Give s(w).
-3
Let b(g) be the second derivative of -g**4/8 + 7*g**3/3 - 25*g**2/2 + 11*g + 2. Let a(w) be the first derivative of b(w). Calculate a(6).
-4
Suppose 36*v + 635 = 31*v. Let x = -80 - v. Let d(q) = 21*q + 29*q - 1 - x*q. Determine d(3).
8
Let z(g) = -5813*g - 5815*g + 22 + 11622*g. Determine z(-7).
64
Let l(k) = 3*k**3 - 2*k**2 + 41*k - 7. Let d(f) = 2*f**2 - 13*f + 2. Let b(g) = -3*d(g) - l(g). Let a be 2 - 2 - (-1 + -1). Let p = a + -4. What is b(p)?
13
Let h(k) = 6*k**2 - 14*k + 14. Let g be h(1). Let b(a) be the second derivative of a**4/12 - 7*a**3/6 + 14*a. Calculate b(g).
-6
Let f(a) be the first derivative of 9*a**2/2 - 4*a + 1. Let p(v) = -v**3 - 35*v**2 + 86*v + 447. Let b be p(-37). Give f(b).
23
Let m be (1 - 1)*(-4)/32*-4. Suppose j + 0*j - 3*r = 9, m = -2*j - 3*r. Suppose -4*p = 0, -3*b = 2*b + j*p - 30. Let k(z) = -z**2 + 5*z + 6. Determine k(b).
0
Let i(h) = -2738*h + 117738. Let q be i(43). Let j(a) = -44*a + 12. Let n(v) = 4*v - 1. Let s(f) = 3*j(f) + 32*n(f). Calculate s(q).
-12
Let m(r) = 2*r - 16. Suppose -2*x - 17*z + 15*z + 24 = 0, -2*x + 29 = z. Let d be (-60)/510 - (-121)/x. Determine m(d).
-2
Let s(r) = 129*r**2 + 21 - 381*r**3 - 150*r**2 + 382*r**3 - r. Give s(21).
0
Suppose 5*n - 5 = 4*n. Let s(g) be the second derivative of -3*g**2 - 1/2*g**3 + 1/12*g**4 - 3*g + 9. Determine s(n).
4
Let t(x) = -32*x**2. Suppose -273*c = -215*c - 58. What is t(c)?
-32
Let f(d) = -3*d. Let p = 7551 - 7555. Determine f(p).
12
Suppose 0 = -5*z - 3*j - 54, z + 4*j - 6 = 3*z. Let y(k) = 5*k + 55. Determine y(z).
10
Let v(b) be the first derivative of b**4/4 - 11*b**3/3 + 13*b**2 - 7*b - 690. What is v(8)?
9
Suppose -o - 1 = -2*v, -3*o + 7*o = -2*v + 16. Let s(q) = -10*q**3 + 3 - 2*q**2 - 1 + 5*q + 0*q**v + 9*q**3. Determine s(-3).
-4
Let r(n) = 71*n**2 + 6*n + 12. Let k(z) = -18*z**2 - z. Let d(m) = 4*k(m) + r(m). Give d(6).
-12
Let l(v) = 99 - 10*v**2 + 26*v**3 - 25*v**3 - 103 + 8*v + 14*v. Determine l(7).
3
Let l(t) = 10 - 3*t - 31 + 5*t. Let h be (6/(-98))/(1973/(-290031)). Calculate l(h).
-3
Let u = 13678 + -13689. Let z(s) = 3*s**2 + 22*s - 18. Let i(g) = 2*g**2 + 15*g - 12. Let n(v) = -8*i(v) + 5*z(v). Calculate n(u).
-5
Let n(j) be the third derivative of j**6/120 + 11*j**5/60 + j**4/6 + 14*j**3/3 + 3871*j**2. What is n(-10)?
88
Let o(x) = -x**3 - 5*x**2 - 4*x. Suppose 9*v = 12*v + 1521. Let c = -511 - v. Determine o(c).
0
Let s be (-27 + 30)/(6/28). Let j(t) = -2*t**2 + 10*t**2 + 4*t**2 - 2*t - 3 - s + 14. Give j(-2).
49
Let k(u) be the first derivative of -3/2*u**2 - 6*u + 124. Determine k(8).
-30
Let h(p) be the second derivative of p**4/3 - 4*p**3/3 + 4*p**2 - 698*p. Determine h(3).
20
Let d(j) = -4428*j**2 - 51*j**3 + 30 + 4442*j**2 + 52*j**3 + 17*j. Give d(-12).
114
Let a(w) = -w**2 - 2*w - 3. Let o be a(-2). Let q(l) = 18*l + 1 - 5*l + 3*l**2 + 216*l**3 + 208*l**3 - 9*l - 422*l**3. Give q(o).
-38
Suppose -4*j + 1 = 5*i, 0*i + 15 = -5*i. Let h(l) be the first derivative of l**3/3 - 7*l**2/2 - 5*l - 500. Calculate h(j).
-17
Let i(m) = -2*m + 7. Suppose 4*s - 3*d = 313, -2 = 3*d + 7. Let y be (-62)/(-8) - 57/s. What is i(y)?
-7
Let q(p) = 44 - 126*p + 547*p - 426*p - 105. Determine q(-15).
14
Let h(c) = -c + 2. Let z(g) = 1. Let n(m) = 2*m - 7. Let v(f) = -n(f) - 2*z(f). Let w = 71 - 65. Let s(p) = w*v(p) - 11*h(p). What is s(6)?
2
Let i(t) be the second derivative of t**4/12 - 2*t**3 + 8*t**2 - 46*t - 7. Give i(11).
5
Let n = 299 - 274. Suppose -18*s + 13*s = n. Let m(y) = -y + 0 + 4 - 3. Determine m(s).
6
Suppose 5*z - 3*z - 32 = 0. Let o = z - 14. Let c(t) = 2 - 7 - 2*t**o + 3*t - t + 6. Give c(2).
-3
Let b be -2 + (-1 - 2) + 11. Let i(j) = j**3 - 6*j**2 + 5*j + 6. Let q be i(5). Let w(r) = 2*r - 3 + 3*r**3 - 2*r**3 - 4*r + 3*r - q*r**2. Give w(b).
3
Let j(u) = -6*u + 8. Let k(r) = -r - 1. Let o(d) = j(d) - 5*k(d). Let i(b) = -5*b**2 - 53*b + 2136. Let x be i(16). What is o(x)?
5
Suppose -6*l + 179 = 131. Let n(b) = 6*b**2 - 5*b**2 - 4 - l + 4 - 4*b. Determine n(7).
13
Let h(v) = -4*v - 10. Suppose -44*l - 77 = -33*l. Let x be (17/(-17))/((-1)/l) + 0. Give h(x).
18
Suppose 0*k - 2*z = -k + 1, 3 = -k + z. Let v(y) = y - 3. Let a(m) = -m + 2. Let d(t) = 4*a(t) + 3*v(t). Let b be d(k). Let s(i) = -2*i + 7. Give s(b).
-5
Let z(w) = w**3 - w - 5. Let s(m) = -10*m**2 + 34*m - 1. Let i be s(3). Suppose -17*u = i*u + 3*u. What is z(u)?
-5
Let c(y) = -10*y**2 - y - 1. Suppose -5*n = -k + 122, 0*k = -n - 4*k - 37. Let f = -20 - n. Suppose -f*q + 25 = 30. Determine c(q).
-10
Suppose 0 = 7*m + 90 - 104. Let x(p) = -4*p - 46*p**2 + 48*p**2 + 5*p + 2*p - m*p**3 - p. Suppose 0 + 2 = -s. Calculate x(s).
20
Let i(c) = 48*c + 41*c - 154*c + 44*c + 5 - c**2 - 16. Determine i(-21).
-11
Let u be 1/((-1)/(-3) - 535/1650). Let d be (-22)/u - 691*(-2)/10. Let v = 130 - d. Let r(p) = -p**3 - 7*p**2 + 9*p. Calculate r(v).
-8
Let a(r) = -9*r - 139. Let m(g) = 8*g + 122. Let i(h) = -6*a(h) - 7*m(h). Calculate i(-6).
-8
Let w(z) = 5*z + 60. Let l be w(0). Suppose 82*t = 92*t + l. Let v(r) = r**3 + 6*r**2 - 2*r + 3. Give v(t).
15
Let x(r) = r**3 - 7*r**2 - 5*r + 6. Let g be x(8). Suppose 13*k - g = 8*k. Let b(f) = f + k - 5 - 2 - 6. Determine b(7).
0
Let c(s) = s**2 - s - 2. Suppose 165*x - 162*x - 1644 = 0. Let u = -544 + x. Calculate c(u).
10
Let d(l) = 22*l + 2626*l**2 - 12*l - 2625*l**2 - 32*l + 24. Give d(20).
-16
Let k(g) be the second derivative of -13*g**3/6 - 21*g**2/2 - 574*g. Determine k(-3).
18
Let r(p) = -4*p**2 - 10*p + 18. Let o(q) = -8*q**2 - 16*q + 34. Let z(y) = -3*o(y) + 5*r(y). Determine z(-2).
8
Let n be (0 - -1)*(86 - -4). Suppose 0 = 21*m - n - 36. Let a(u) = u**3 - 7*u**2 + 7*u + 3. Determine a(m).
9
Suppose 4*g - 19 = h, -27*g + 31*g - 24 = -4*h. Let c = 15 - 12. Let p(q) = -4 - c*q**3 - 1 + 2*q + 4. What is p(h)?
-2
Let o be (5 - (0 + 8))*1. Let s(y) = 3*y**2 + 7*y - 1. Let g(f) = -7*f**2 - 16*f + 3